{"id":1873,"date":"2024-05-06T23:32:28","date_gmt":"2024-05-06T21:32:28","guid":{"rendered":"https:\/\/uniquenailsstore.com\/?post_type=product&#038;p=1873"},"modified":"2025-11-23T20:36:15","modified_gmt":"2025-11-23T19:36:15","slug":"summer-pink-collection","status":"publish","type":"product","link":"https:\/\/uniquenailsstore.com\/index.php\/prodotto\/summer-pink-collection\/","title":{"rendered":"Summer pink collection"},"content":{"rendered":"<p>Il rosa \u00e8 da sempre uno dei colori pi\u00f9 amati e utilizzati, sia nella moda che nella cosmesi. Per tutti gli amanti di questa tonalit\u00e0, esiste ora un&#8217;opzione perfetta per collezionare le migliori sfumature di rosa: una box composta da 9 colori semipermanenti con tonalit\u00e0 dal rosa chiaro al viola riflettenti. Questo set offre una vasta gamma di colori, dal rosa pi\u00f9 delicato al pi\u00f9 intenso, tutti caratterizzati da un effetto brillante che doner\u00e0 alle unghie un aspetto elegante e sofisticato. Grazie alla loro formulazione semipermanente, questi smalti garantiscono un&#8217;ottima tenuta e una lunga durata, permettendo di sfoggiare manicure impeccabili per diverse settimane. Inoltre, la possibilit\u00e0 di avere a disposizione 9 diverse tonalit\u00e0 di rosa, permette di sperimentare e creare infinite combinazioni e look diversi, adatti ad ogni occasione e personalit\u00e0. Senza dubbio, questa box da collezione \u00e8 un must-have per tutte le amanti del rosa e delle unghie impeccabili.<\/p>\n","protected":false},"excerpt":{"rendered":"<p>Il rosa \u00e8 da sempre uno dei colori pi\u00f9 amati e utilizzati, sia nella moda che nella cosmesi. Per tutti gli amanti di questa tonalit\u00e0, esiste ora un&#8217;opzione perfetta per collezionare le migliori sfumature di rosa: una box composta da 9 colori semipermanenti con tonalit\u00e0 dal rosa chiaro al viola riflettenti. Questo set offre una vasta gamma di colori, dal rosa pi\u00f9 delicato al pi\u00f9 intenso, tutti caratterizzati da un effetto brillante che doner\u00e0 alle unghie un aspetto elegante e sofisticato.<\/p>\n","protected":false},"featured_media":1874,"comment_status":"open","ping_status":"closed","template":"","meta":{"om_disable_all_campaigns":false,"_mi_skip_tracking":false,"_monsterinsights_sitenote_active":false,"_monsterinsights_sitenote_note":"","_monsterinsights_sitenote_category":0,"_joinchat":[]},"product_cat":[41],"product_tag":[],"class_list":{"0":"post-1873","1":"product","2":"type-product","3":"status-publish","4":"has-post-thumbnail","6":"product_cat-gel-polish","8":"first","9":"outofstock","10":"shipping-taxable","11":"purchasable","12":"product-type-simple"},"yoast_head":"<!-- This site is optimized with the Yoast SEO plugin v21.1 - https:\/\/yoast.com\/wordpress\/plugins\/seo\/ -->\n<title>Summer pink collection - UNIQUE<\/title>\n<meta name=\"description\" content=\"Questo set offre una vasta gamma di colori, dal rosa pi\u00f9 delicato al pi\u00f9 intenso, tutti caratterizzati da un effetto brillante che doner\u00e0 alle unghie un aspetto elegante e sofisticato. Grazie alla loro formulazione semipermanente, questi smalti garantiscono un&#039;ottima tenuta e una lunga durata, permettendo di sfoggiare manicure impeccabili per diverse settimane.\" \/>\n<meta name=\"robots\" content=\"index, follow, max-snippet:-1, max-image-preview:large, max-video-preview:-1\" \/>\n<link rel=\"canonical\" href=\"https:\/\/uniquenailsstore.com\/index.php\/prodotto\/summer-pink-collection\/\" \/>\n<meta property=\"og:locale\" content=\"it_IT\" \/>\n<meta property=\"og:type\" content=\"article\" \/>\n<meta property=\"og:title\" content=\"Summer pink collection - UNIQUE\" \/>\n<meta property=\"og:description\" content=\"Questo set offre una vasta gamma di colori, dal rosa pi\u00f9 delicato al pi\u00f9 intenso, tutti caratterizzati da un effetto brillante che doner\u00e0 alle unghie un aspetto elegante e sofisticato. Grazie alla loro formulazione semipermanente, questi smalti garantiscono un&#039;ottima tenuta e una lunga durata, permettendo di sfoggiare manicure impeccabili per diverse settimane.\" \/>\n<meta property=\"og:url\" content=\"https:\/\/uniquenailsstore.com\/index.php\/prodotto\/summer-pink-collection\/\" \/>\n<meta property=\"og:site_name\" content=\"UNIQUE\" \/>\n<meta property=\"article:modified_time\" content=\"2025-11-23T19:36:15+00:00\" \/>\n<meta property=\"og:image\" content=\"https:\/\/uniquenailsstore.com\/wp-content\/uploads\/2024\/05\/image0.png\" \/>\n\t<meta property=\"og:image:width\" content=\"1500\" \/>\n\t<meta property=\"og:image:height\" content=\"1000\" \/>\n\t<meta property=\"og:image:type\" content=\"image\/png\" \/>\n<meta name=\"twitter:card\" content=\"summary_large_image\" \/>\n<meta name=\"twitter:label1\" content=\"Tempo di lettura stimato\" \/>\n\t<meta name=\"twitter:data1\" content=\"1 minuto\" \/>\n<script type=\"application\/ld+json\" class=\"yoast-schema-graph\">{\"@context\":\"https:\/\/schema.org\",\"@graph\":[{\"@type\":\"WebPage\",\"@id\":\"https:\/\/uniquenailsstore.com\/index.php\/prodotto\/summer-pink-collection\/\",\"url\":\"https:\/\/uniquenailsstore.com\/index.php\/prodotto\/summer-pink-collection\/\",\"name\":\"Summer pink collection - UNIQUE\",\"isPartOf\":{\"@id\":\"https:\/\/uniquenailsstore.com\/#website\"},\"datePublished\":\"2024-05-06T21:32:28+00:00\",\"dateModified\":\"2025-11-23T19:36:15+00:00\",\"description\":\"Questo set offre una vasta gamma di colori, dal rosa pi\u00f9 delicato al pi\u00f9 intenso, tutti caratterizzati da un effetto brillante che doner\u00e0 alle unghie un aspetto elegante e sofisticato. Grazie alla loro formulazione semipermanente, questi smalti garantiscono un'ottima tenuta e una lunga durata, permettendo di sfoggiare manicure impeccabili per diverse settimane.\",\"breadcrumb\":{\"@id\":\"https:\/\/uniquenailsstore.com\/index.php\/prodotto\/summer-pink-collection\/#breadcrumb\"},\"inLanguage\":\"it-IT\",\"potentialAction\":[{\"@type\":\"ReadAction\",\"target\":[\"https:\/\/uniquenailsstore.com\/index.php\/prodotto\/summer-pink-collection\/\"]}]},{\"@type\":\"BreadcrumbList\",\"@id\":\"https:\/\/uniquenailsstore.com\/index.php\/prodotto\/summer-pink-collection\/#breadcrumb\",\"itemListElement\":[{\"@type\":\"ListItem\",\"position\":1,\"name\":\"Home\",\"item\":\"https:\/\/uniquenailsstore.com\/\"},{\"@type\":\"ListItem\",\"position\":2,\"name\":\"Shop\",\"item\":\"https:\/\/uniquenailsstore.com\/index.php\/negozio\/\"},{\"@type\":\"ListItem\",\"position\":3,\"name\":\"Summer pink collection\"}]},{\"@type\":\"WebSite\",\"@id\":\"https:\/\/uniquenailsstore.com\/#website\",\"url\":\"https:\/\/uniquenailsstore.com\/\",\"name\":\"UNIQUE\",\"description\":\"Vendita prodotti di qualit\u00e0 per unghie\",\"publisher\":{\"@id\":\"https:\/\/uniquenailsstore.com\/#organization\"},\"potentialAction\":[{\"@type\":\"SearchAction\",\"target\":{\"@type\":\"EntryPoint\",\"urlTemplate\":\"https:\/\/uniquenailsstore.com\/?s={search_term_string}\"},\"query-input\":\"required name=search_term_string\"}],\"inLanguage\":\"it-IT\"},{\"@type\":\"Organization\",\"@id\":\"https:\/\/uniquenailsstore.com\/#organization\",\"name\":\"UNIQUE\",\"url\":\"https:\/\/uniquenailsstore.com\/\",\"logo\":{\"@type\":\"ImageObject\",\"inLanguage\":\"it-IT\",\"@id\":\"https:\/\/uniquenailsstore.com\/#\/schema\/logo\/image\/\",\"url\":\"https:\/\/uniquenailsstore.com\/wp-content\/uploads\/2023\/06\/uniquesito.png\",\"contentUrl\":\"https:\/\/uniquenailsstore.com\/wp-content\/uploads\/2023\/06\/uniquesito.png\",\"width\":2057,\"height\":1043,\"caption\":\"UNIQUE\"},\"image\":{\"@id\":\"https:\/\/uniquenailsstore.com\/#\/schema\/logo\/image\/\"}}]}<\/script>\n<!-- \/ Yoast SEO plugin. -->","yoast_head_json":{"title":"Summer pink collection - UNIQUE","description":"Questo set offre una vasta gamma di colori, dal rosa pi\u00f9 delicato al pi\u00f9 intenso, tutti caratterizzati da un effetto brillante che doner\u00e0 alle unghie un aspetto elegante e sofisticato. Grazie alla loro formulazione semipermanente, questi smalti garantiscono un'ottima tenuta e una lunga durata, permettendo di sfoggiare manicure impeccabili per diverse settimane.","robots":{"index":"index","follow":"follow","max-snippet":"max-snippet:-1","max-image-preview":"max-image-preview:large","max-video-preview":"max-video-preview:-1"},"canonical":"https:\/\/uniquenailsstore.com\/index.php\/prodotto\/summer-pink-collection\/","og_locale":"it_IT","og_type":"article","og_title":"Summer pink collection - UNIQUE","og_description":"Questo set offre una vasta gamma di colori, dal rosa pi\u00f9 delicato al pi\u00f9 intenso, tutti caratterizzati da un effetto brillante che doner\u00e0 alle unghie un aspetto elegante e sofisticato. Grazie alla loro formulazione semipermanente, questi smalti garantiscono un'ottima tenuta e una lunga durata, permettendo di sfoggiare manicure impeccabili per diverse settimane.","og_url":"https:\/\/uniquenailsstore.com\/index.php\/prodotto\/summer-pink-collection\/","og_site_name":"UNIQUE","article_modified_time":"2025-11-23T19:36:15+00:00","og_image":[{"width":1500,"height":1000,"url":"https:\/\/uniquenailsstore.com\/wp-content\/uploads\/2024\/05\/image0.png","type":"image\/png"}],"twitter_card":"summary_large_image","twitter_misc":{"Tempo di lettura stimato":"1 minuto"},"schema":{"@context":"https:\/\/schema.org","@graph":[{"@type":"WebPage","@id":"https:\/\/uniquenailsstore.com\/index.php\/prodotto\/summer-pink-collection\/","url":"https:\/\/uniquenailsstore.com\/index.php\/prodotto\/summer-pink-collection\/","name":"Summer pink collection - UNIQUE","isPartOf":{"@id":"https:\/\/uniquenailsstore.com\/#website"},"datePublished":"2024-05-06T21:32:28+00:00","dateModified":"2025-11-23T19:36:15+00:00","description":"Questo set offre una vasta gamma di colori, dal rosa pi\u00f9 delicato al pi\u00f9 intenso, tutti caratterizzati da un effetto brillante che doner\u00e0 alle unghie un aspetto elegante e sofisticato. Grazie alla loro formulazione semipermanente, questi smalti garantiscono un'ottima tenuta e una lunga durata, permettendo di sfoggiare manicure impeccabili per diverse settimane.","breadcrumb":{"@id":"https:\/\/uniquenailsstore.com\/index.php\/prodotto\/summer-pink-collection\/#breadcrumb"},"inLanguage":"it-IT","potentialAction":[{"@type":"ReadAction","target":["https:\/\/uniquenailsstore.com\/index.php\/prodotto\/summer-pink-collection\/"]}]},{"@type":"BreadcrumbList","@id":"https:\/\/uniquenailsstore.com\/index.php\/prodotto\/summer-pink-collection\/#breadcrumb","itemListElement":[{"@type":"ListItem","position":1,"name":"Home","item":"https:\/\/uniquenailsstore.com\/"},{"@type":"ListItem","position":2,"name":"Shop","item":"https:\/\/uniquenailsstore.com\/index.php\/negozio\/"},{"@type":"ListItem","position":3,"name":"Summer pink collection"}]},{"@type":"WebSite","@id":"https:\/\/uniquenailsstore.com\/#website","url":"https:\/\/uniquenailsstore.com\/","name":"UNIQUE","description":"Vendita prodotti di qualit\u00e0 per unghie","publisher":{"@id":"https:\/\/uniquenailsstore.com\/#organization"},"potentialAction":[{"@type":"SearchAction","target":{"@type":"EntryPoint","urlTemplate":"https:\/\/uniquenailsstore.com\/?s={search_term_string}"},"query-input":"required name=search_term_string"}],"inLanguage":"it-IT"},{"@type":"Organization","@id":"https:\/\/uniquenailsstore.com\/#organization","name":"UNIQUE","url":"https:\/\/uniquenailsstore.com\/","logo":{"@type":"ImageObject","inLanguage":"it-IT","@id":"https:\/\/uniquenailsstore.com\/#\/schema\/logo\/image\/","url":"https:\/\/uniquenailsstore.com\/wp-content\/uploads\/2023\/06\/uniquesito.png","contentUrl":"https:\/\/uniquenailsstore.com\/wp-content\/uploads\/2023\/06\/uniquesito.png","width":2057,"height":1043,"caption":"UNIQUE"},"image":{"@id":"https:\/\/uniquenailsstore.com\/#\/schema\/logo\/image\/"}}]}},"_links":{"self":[{"href":"https:\/\/uniquenailsstore.com\/index.php\/wp-json\/wp\/v2\/product\/1873","targetHints":{"allow":["GET"]}}],"collection":[{"href":"https:\/\/uniquenailsstore.com\/index.php\/wp-json\/wp\/v2\/product"}],"about":[{"href":"https:\/\/uniquenailsstore.com\/index.php\/wp-json\/wp\/v2\/types\/product"}],"replies":[{"embeddable":true,"href":"https:\/\/uniquenailsstore.com\/index.php\/wp-json\/wp\/v2\/comments?post=1873"}],"version-history":[{"count":1,"href":"https:\/\/uniquenailsstore.com\/index.php\/wp-json\/wp\/v2\/product\/1873\/revisions"}],"predecessor-version":[{"id":1877,"href":"https:\/\/uniquenailsstore.com\/index.php\/wp-json\/wp\/v2\/product\/1873\/revisions\/1877"}],"wp:featuredmedia":[{"embeddable":true,"href":"https:\/\/uniquenailsstore.com\/index.php\/wp-json\/wp\/v2\/media\/1874"}],"wp:attachment":[{"href":"https:\/\/uniquenailsstore.com\/index.php\/wp-json\/wp\/v2\/media?parent=1873"}],"wp:term":[{"taxonomy":"product_cat","embeddable":true,"href":"https:\/\/uniquenailsstore.com\/index.php\/wp-json\/wp\/v2\/product_cat?post=1873"},{"taxonomy":"product_tag","embeddable":true,"href":"https:\/\/uniquenailsstore.com\/index.php\/wp-json\/wp\/v2\/product_tag?post=1873"}],"curies":[{"name":"wp","href":"https:\/\/api.w.org\/{rel}","templated":true}]}}